In base 11, what is -17377 - -2?
-17375
In base 3, what is -1001 - -222200?
221122
In base 16, what is 141 - c7?
7a
In base 6, what is 2 - -3454411?
3454413
In base 6, what is -531402 + 11?
-531351
In base 14, what is 1 - 57d9b?
-57d9a
In base 11, what is 105 + 73?
178
In base 6, what is -1103 + 1124?
21
In base 2, what is -110111110 - 10000001?
-1000111111
In base 9, what is 1 - 1174?
-1173
In base 4, what is -1 + 213202203?
213202202
In base 5, what is 4 + 204422444?
204423003
In base 4, what is -1031130 - -2?
-1031122
In base 5, what is -131244 + 12?
-131232
In base 8, what is 115 + 5?
122
In base 13, what is -600 - 3?
-603
In base 4, what is 33233 + 11?
33310
In base 11, what is 169 + 441a?
4588
In base 5, what is 1 - 112313?
-112312
In base 2, what is -1011010110000 + -10?
-1011010110010
In base 6, what is -10011430 - -1?
-10011425
In base 14, what is -621 + -206?
-827
In base 3, what is -202212121 + 0?
-202212121
In base 14, what is -36 + -49d1?
-4a27
In base 15, what is -2 - -56a9?
56a7
In base 13, what is -316c - -56?
-3116
In base 7, what is -1 - 1144031?
-1144032
In base 4, what is -101111133 - 100?
-101111233
In base 11, what is 356 - -2292?
2638
In base 13, what is 3490 + -6?
3487
In base 9, what is -87667 - -3?
-87664
In base 9, what is 4227 + -506?
3621
In base 7, what is 45654 + 2?
45656
In base 10, what is 4 + 416155?
416159
In base 16, what is -e0 - 930?
-a10
In base 2, what is -101010110011000110010 - 0?
-101010110011000110010
In base 12, what is 7a - 0?
7a
In base 16, what is 6bf3 - 25?
6bce
In base 12, what is -4 - -3069?
3065
In base 2, what is 100000101011101000 - 100?
100000101011100100
In base 9, what is -4 + -65787?
-65802
In base 12, what is -2 + -3a996?
-3a998
In base 13, what is 28a8 + 275?
2b50
In base 3, what is 1201011 + -111011?
1020000
In base 6, what is -143 + 50352?
50205
In base 15, what is -2c9 + -252?
-52b
In base 11, what is 21a4 + 474?
2668
In base 10, what is 32140 + -19?
32121
In base 3, what is 1 + -1021220120?
-1021220112
In base 7, what is -3006 + 102?
-2604
In base 14, what is -3 - b1d8?
-b1db
In base 16, what is 25558 - -a?
25562
In base 3, what is -11 - -11122020012?
11122020001
In base 7, what is 5022 + 0?
5022
In base 12, what is -644a + 187?
-6283
In base 9, what is 11246 - -25?
11272
In base 5, what is -2 + -424401133?
-424401140
In base 6, what is 101 - -20503?
21004
In base 8, what is 5 + 263773?
264000
In base 9, what is -14 + 13707?
13683
In base 12, what is -13 - -46b9?
46a6
In base 12, what is -13644 - 2?
-13646
In base 6, what is -3 + -30222?
-30225
In base 3, what is 210202110 + 2?
210202112
In base 16, what is a1 + 1344?
13e5
In base 14, what is -7 - 76a?
-773
In base 12, what is -57 - -3322?
3287
In base 4, what is 13111302 + -1?
13111301
In base 14, what is -6234bc + 5?
-6234b7
In base 13, what is -1 - 1545c?
-15460
In base 13, what is 20 + -1ccc?
-1cac
In base 8, what is -3 - 1732736?
-1732741
In base 2, what is -111010111 - 111000001?
-1110011000
In base 2, what is 10110 + 1010100100001?
1010100110111
In base 11, what is -129514 + -3?
-129517
In base 16, what is dfbd - 8?
dfb5
In base 16, what is -9f0 + 35?
-9bb
In base 5, what is 13411032 + 11?
13411043
In base 14, what is -3 - -50b8?
50b5
In base 15, what is 46b + -169?
302
In base 10, what is -88665 - -2?
-88663
In base 16, what is 8 + 9ad?
9b5
In base 13, what is a3b + 18?
a56
In base 4, what is 3310332 - -2?
3311000
In base 8, what is 0 + 327015?
327015
In base 10, what is -38749 - 85?
-38834
In base 10, what is 7 + 383583?
383590
In base 13, what is -6 + 1375b?
13755
In base 7, what is 4 - -40052?
40056
In base 15, what is 4 + 7935?
7939
In base 12, what is -173 + -198?
-34b
In base 2, what is -1001010010011000 + 1000011?
-1001010001010101
In base 4, what is -10 + -333322301?
-333322311
In base 6, what is -21 - 322241?
-322302
In base 14, what is b5 + -21a?
-145
In base 16, what is 16fb7 - 1?
16fb6
In base 14, what is 138b - 31?
135a
In base 5, what is 212323142 + -4?
212323133
In base 11, what is 0 + -47a9?
-47a9
In base 12, what is -2751767 - 5?
-2751770
In base 11, what is -4 + aa4a6?
aa4a2
In base 11, what is -3a579 - -5?
-3a574
In base 7, what is 0 + -1063?
-1063
In base 5, what is 11032441 + -11?
11032430
In base 11, what is -443 + 1803?
1370
In base 14, what is cc8 - 2?
cc6
In base 4, what is 31200213 - 3?
31200210
In base 8, what is 5 - -27027?
27034
In base 6, what is -13020 + 43?
-12533
In base 4, what is -3 - 20000321?
-20000330
In base 2, what is -1010110 + -111100111?
-1000111101
In base 9, what is -1218 - -2240?
1021
In base 4, what is -31 + 11300321?
11300230
In base 16, what is -c3a84 - -3?
-c3a81
In base 14, what is 8748 - 13?
8735
In base 14, what is 325736 - -4?
32573a
In base 11, what is 2 - -31968?
3196a
In base 6, what is -32 - -5240331?
5240255
In base 3, what is 11020 + -12101221?
-12020201
In base 9, what is -4252 - -506?
-3645
In base 7, what is 130 + -41162?
-41032
In base 13, what is 70 - 18b0?
-1840
In base 8, what is 4126 - -32?
4160
In base 6, what is -2003321 - -2?
-2003315
In base 6, what is -1 + 20531532?
20531531
In base 13, what is 4 - 2971?
-296a
In base 14, what is 259 - 1a02?
-1787
In base 9, what is 1 + 548124?
548125
In base 9, what is -5 + -1231147?
-1231153
In base 6, what is -50155102 + 2?
-50155100
In base 11, what is -5 - -15539?
15534
In base 3, what is 1101212 + 2022021?
10201010
In base 5, what is 100122 - -1?
100123
In base 7, what is -2602 - 123?
-3025
In base 13, what is -3a + -15b69?
-15ba6
In base 16, what is -6 - -180a98?
180a92
In base 14, what is -2 + -c54?
-c56
In base 13, what is -12 + 33a75?
33a63
In base 8, what is -2 - -53626?
53624
In base 14, what is -dd5 + -1?
-dd6
In base 8, what is -215 + -616?
-1033
In base 14, what is 1749 + -15?
1734
In base 6, what is -2 + 103300?
103254
In base 16, what is 3ea8 + -3?
3ea5
In base 8, what is -537450 - -4?
-537444
In base 8, what is 135746 + 12?
135760
In base 2, what is -101 - -10010000111001001?
10010000111000100
In base 2, what is 0 - 110000001010000011?
-110000001010000011
In base 3, what is -10 + -122210000?
-122210010
In base 15, what is 3 - 8837b?
-88378
In base 12, what is 9602a - -4?
96032
In base 7, what is 223544 - 1?
223543
In base 11, what is 20785 + -19?
20767
In base 9, what is -363 - -10?
-353
In base 7, what is 2 - 150364?
-150362
In base 7, what is -214 + 66?
-115
In base 12, what is -12b + -588b?
-59ba
In base 13, what is 2 + -2b6cc?
-2b6ca
In base 15, what is -594da - 3?
-594dd
In base 2, what is -1100011111100111001000 + 10?
-1100011111100111000110
In base 5, what is 441 + -43312?
-42321
In base 5, what is -344341102 + 0?
-344341102
In base 15, what is 7 - 1bea7?
-1bea0
In base 16, what is f - -2fa34?
2fa43
In base 4, what is -213 - 2022101?
-2022320
In base 11, what is 9 + 144?
152
In base 11, what is -545 - 12?
-557
In base 9, what is -1007 - 88?
-1106
In base 16, what is 3 - -45c1?
45c4
In base 6, what is 222455310 - 2?
222455304
In base 4, what is 10101202 + -21?
10101121
In base 15, what is 43 + 21e2?
2235
In base 3, what is -222101 - -210021?
-12010
In base 14, what is -4 + -1c4aa?
-1c4b0
In base 5, what is 0 - 344111?
-344111
In base 10, what is -4952 - 361?
-5313
In base 6, what is 0 - 123301?
-123301
In base 7, what is 3441 - -112?
3553
In base 3, what is 1212000100111 + 10?
1212000100121
In base 3, what is 12 - 122020101202?
-122020101120
In base 7, what is -131156 - -24?
-131132
In base 4, what is 21300 + 12?
21312
In base 12, what is -4 + 8b473?
8b46b
In base 3, what is 10 - -102011211200?
102011211210
In base 3, what is -102 + 101100?
100221
In base 12, what is 1 - -14347?
14348
In base 7, what is -12026 - 34?
-12063
In base 10, what is 21246 - -4?
21250
In base 4, what is -1 - -11331202?
11331201
In base 2, what is -10001011 + -1110110100000?
-1111000101011
In base 10, what is 2 + 161990?
161992
In base 16, what is 1c60c + 0?
1c60c
In base 16, what is -12 + 359?
347
In base 3, what is 10 - 20120210?
-20120200
In base 2, what is 1000011100 + 110?
1000100010
In base 8, what is -21150 - -30?
-21120
In base 3, what is 201112002 - 10?
201111222
In base 4, what is 1 - 300131033?
-300131032
In base 15, what is 922 - 43?
8ce
In base 5, what is 1010213 + 43?
1010311
In base 3, what is 121112